-3 - (21 - (0 - -16))?
11
What is the value of 52 - (23 + 58) - (1 + (4 - 0))?
-34
10 + (11 - (15 - -63)) + 21
-36
Calculate 5 - (-16 + 3) - (-101 - -96).
23
Calculate (-2 - -2 - (2 + -7)) + -23 + 5.
-13
What is the value of (0 + 4 - ((-2 - 0) + -4)) + 2?
12
19 - 9 - (7 - (3 - -3) - -13)
-4
What is the value of (2 - 12) + (-29 - (9 - 62))?
14
Calculate -16 - (16 - 3) - -21.
-8
What is 0 + 12 + -21 + 6?
-3
(36 - 41) + (3 - 8 - 7) + 0
-17
What is (2 - 3) + -30 + 13 - -10?
-8
What is the value of 1 - -8 - (582 + -590)?
17
Calculate -232 + 223 - ((-7 - 2) + (0 - -1)).
-1
1 + (7 - (-3 + (8 - 5) + 34))
-26
What is the value of -1 + -6 + 13 + -5 + 1 + 13?
15
Calculate 9 + (9 - 6) + -11 + -9 - 6.
-14
What is the value of (-5 - 38 - -5) + 30 + -15 + -17?
-40
What is the value of (-8 - -6 - (2 - 9)) + -18 + -2?
-15
(155 - 190 - (0 + -9)) + 3 + 0
-23
Calculate 8 - 27 - (-16 - 38).
35
What is the value of 305 + -312 + 17 + 0?
10
Calculate 6 + 2 + -2 + 0 + (2 - 2).
6
Evaluate -1322 + 1318 - (18 + -1).
-21
4 + (-13 - -7) - (4 - -1) - -19
12
Evaluate -3 + 16 - 13 - -2.
2
-7 + (-8 - -3) + 6
-6
6 + -22 + 2 + 3 - (0 + -3)
-8
Evaluate -19 - (-54 + 13 + -7).
29
What is the value of -11 - (5 - 3) - -10?
-3
What is the value of (17 - -3 - 15) + -4?
1
What is the value of (-25 - (1 - 1)) + (287 - 277) - -3?
-12
What is 3 - 1 - 8 - (-25 + 16 + 1)?
2
(2 - -35) + 3 + -14 + 3
29
Calculate (5 - -19) + (6 - (6 + -2 + -2)).
28
Calculate -3 + 27 - (20 + -35 - -28).
11
What is 0 - (1 + -1 - (-29 - -16 - -16))?
3
What is 11 + (17 + -8 - 41)?
-21
What is 10 + (5 - -12) + -14?
13
-15 - ((-4 - -22) + -52)
19
What is (-1 + 7 - 9) + 3 + -14?
-14
What is 108 + -85 - (20 + -4)?
7
Evaluate -51 + (20 - (-9 + -9)).
-13
-6 + -1 + 1 + -2 + 2 + 3
-3
What is 12 - (-1 + -1 - (-66 + 58) - 7)?
13
What is (4 - -2) + (-19 - (-5 - -18 - 8))?
-18
6 - 3 - -2 - (13 + -15) - 18
-11
What is the value of 10 - 0 - (20 - 10 - 9)?
9
Calculate 0 + -3 - (5 + (-3 - -2)).
-7
Evaluate 32 + (-32 - (-20 - -29)).
-9
-6 + -5 + 4 + -9 + 2
-14
Calculate (-10 + -6 + 8 - 6 - -8) + 0.
-6
What is 0 + -4 + (27 - 6) + -11?
6
What is the value of (-84 - -18) + 30 - -23?
-13
Calculate (-6 + 22 - 2) + (3 - (1 - -2)).
14
What is 3 + (0 - (2 - -3)) - -8?
6
14 - (2 + -2 + (-7 - -19 - 7))
9
What is -6 - (-3 + 2 + (-1 - 7))?
3
Calculate 4 + 20 + 0 + -10.
14
Evaluate 30 - ((12 - -3) + (0 - 8) + 3).
20
What is 21 - (218 + -210 + -2 + (-3 - -1))?
17
What is 4 + -8 + (7 + 1 - 11) + 8?
1
Evaluate 1 + (-1 - -4) - (124 - 129).
9
Evaluate 13 + 8 - (4 + 10) - -11.
18
18 - (5 + (7 - 18))
24
((17 - 7) + -2 - -14) + -1
21
What is the value of -2 - (0 + 10 + (94 - 116))?
10
What is (61 - 28 - 64) + 49?
18
11 + -5 - 27 - -2 - (10 - 9)
-20
20 + -29 + 7 - -15
13
-32 + 23 - (-24 + 4 - -4)
7
0 - (-13 - ((4 - 6) + (1 - -11)))
23
What is the value of -12 + 11 + -5 - (3 + -2 - -4)?
-11
What is 2 - (-14 + 20 - 22) - (1 + 0)?
17
2 - (-3 - (2 + 2)) - (39 - -1)
-31
273 + -252 - (17 + 2)
2
Evaluate (-7 - 2) + -60 + 60.
-9
What is -28 + 31 - (-3 + (0 - 2))?
8
What is the value of (80 - 74) + (7 - 47) + 6?
-28
What is the value of -3 - (-1 - -2 - 1 - (-139 - -153))?
11
What is 4 - (1 - (-3 - 6)) - (1 + 6)?
-13
Calculate 3 - (0 + (7 - -2) + -13 - 5).
12
Calculate 40 + -6 - 14 - 15 - 18.
-13
16 + (1 - (6 - -1) - 7)
3
What is the value of 4 + 3 + -5 - (3 + 8) - -5?
-4
What is the value of -503 - -515 - (-9 + 1 + 0 - -3)?
17
2 + -10 - (-24 + 16)
0
Evaluate 5 + 14 + -1 + (-11 - -5) + -3.
9
What is -11 - (43 + -39 + 4)?
-19
Calculate 0 + -8 + 2 - ((1 - -8) + -5).
-10
What is -14 - (12 + -9 - (-2 - 12))?
-31
What is the value of 10 - ((5 - 10) + 16)?
-1
-4 - (-39 + 0 - -65)
-30
Calculate 0 + 10 + -12 - -1 - 8.
-9
Calculate -2 - (-4 + -11) - (7 - 16).
22
5 - (3 + -16 - (-36 + 33))
15
What is the value of 31 + (35 + -17 - 17) - 1?
31
What is the value of 13 + -3 - 4 - 4?
2
What is -1 - 3 - 6 - (-20 - 5)?
15
Evaluate 5 + (9 + -12 - (1 - (5 - -1))).
7
What is 1 + (-12 - -3) + 2 - -27?
21
What is the value of 29 + -2 + (169 - 172)?
24
What is 6 + -11 + -4 + (32 - 0 - 12)?
11
What is the value of 7 + -4 + -31 + (1 - (5 + -5))?
-27
What is the value of -10 + (9 - 10) + (6 - 1)?
-6
Evaluate -7 + (23 - (-25 - -48)).
-7
(8 - 8) + (0 + -4 - -8) + -2
2
Calculate -31 + (24 + -3 - 3).
-13
What is the value of -15 + 6 - 0 - -3?
-6
105 + -108 - (-3 + 3)
-3
What is 31 + 46 + -62 + (-1 - 4)?
10
-36 + 37 + 0 - (-1 + 0 + -8)
10
Evaluate (-15 - -24) + 12 + -18 + -20.
-17
What is -7 + 25 - ((6 - -2) + 1 + -3)?
12
Evaluate (4 - (18 - 3)) + 24.
13
What is the value of (0 - (-1 - (-4 - -19))) + (-34 - -35)?
17
Evaluate 8 + -7 + -8 - (3 + 0).
-10
What is the value of (-11 - -3 - (-4 + 0)) + (4 - 4)?
-4
Calculate 25 - ((-26 - 3) + 52).
2
-21 + 13 - (-3 + 5 + 10)
-20
Calculate 7 + -27 + -2 + (6 - (4 - -4)).
-24
42 + -8 - 19 - 16
-1
What is the value of -1 + 12 + 0 - (-461 - -468)?
4
Calculate 2 + 7 + -5 + (-16 - 0) + -6.
-18
-1 + (3 - (-5 + 11))
-4
What is the value of -10 - (1 - (10 - 0)) - 11?
-12
15 + 0 + (20 - 34 - -4)
5
Evaluate 3 + (4 - 6) + -2 + -6 - 5.
-12
What is the value of (0 - 1 - (1 - -5)) + 5?
-2
Evaluate 109 - 124 - (-33 - (-11 - -5)).
12
Evaluate 9 - (-10 + (-14 - -39)).
-6
Calculate (5 - (-1 + 3)) + -2 + 14.
15
Evaluate 17 - (22 - -18) - -7.
-16
Evaluate (-36 - -2) + 1 - (46 - 9 - 47).
-23
What is 8 + (7 + -17 - (1 + -13 + -4))?
14
(15 - (-18 - -29)) + -5
-1
Evaluate 3 - (0 - -2) - (-14 - -28).
-13
What is the value of 91 - 103 - (-2 + 1 - 5)?
-6
What is the value of 7 + (2 + -6 - -6)?
9
What is 1 + -2 + 1 + (-64 - (-25 + -38))?
-1
(14 - -19) + -3 - 11
19
Calculate (29 - -1) + (-10 - (22 - 34)).
32
Calculate 11 - ((12 - -2) + (30 - 40)) - 2.
5
Calculate 2 + -8 + 3 + -4 - 9.
-16
-2 + -9 + 11 + -4 + (-8 - 0)
-12
(-19 - (-9 + 33)) + (16 - 1)
-28
Evaluate 19 - 8 - ((2 - 9) + -3).
21
Calculate -29 + 76 + -23 + (2 + 1 - 1).
26
What is -8 + -4 + 43 + -47?
-16
Evaluate (1 + 1 - 1 - (275 + -274)) + 1.
1
Evaluate -13 + -1 - -18 - -5 - 13.
-4
What is the value of -101 + 128 - (37 + -4)?
-6
Evaluate -4 + (9 - (-5 - (2 - 13))) + -6.
-7
What is -9 - -12 - (2 + 2)?
-1
-15 + -1 - (-18 - (2 - 13))
-9
Calculate -3 + -4 + 6 + 1 - (-4 + -5).
9
What is the value of -26 - (-2 + -16) - (-1 - 7)?
0
What is -4 + 3 + (-31 - -39)?
7
What is (-6 - (15 + 6 - 2)) + 1 + -10?
-34
What is the value of 3 + -10 + (3 - 1) + 4 + 11?
10
Evaluate 17 - (34 - 21) - -27.
31
Calculate (-1 - 9) + 8 - -7.
5
What is 12 + (395 - 398 - (-4 - 1 - 1))?
15
Evaluate -13 + (7 - (4 + -2)) + (-38 - -27).
-19
What is the value of (-80 - -68) + (1 - -6) + -4?
-9
What is the value of 8 + 10 + (-6 - 6)?
6
Evaluate (-154 - -173) + 1 + -5.
15
-5 + (5 - (-3 + 1))
2
(3 - 1) + 1 + 1 - (-286 + 273)
17
Evaluate 7 - (1 + 11 + -60 + 55).
0
What is 7 + 12 + -9 + (-21 - 0) - -5?
-6
Evaluate -11 + (8 - (17 + -19)).
-1
4 + (-23 + 16 - -7)
4
What is the value of 29 - 30 - (0 + -4)?
3
What is 13 + -14 + 15 + -15?
-1
Calculate (10 - 15) + -13 + 2 + (-65 - -74).
-7
Calculate (6 + (-1 - 10) - 7) + 3 - -11.
2
What is the value of -10 + 16 + 19 - 22?
3
What is 1 + -9 - (28 + -7 + (-20 - -19))?
-28
What is the value of -7 + (-4 - -36) - 20?
5
17 - (2 + (17 - 10)) - 14
-6
Calculate 26 - (-36 - -132 - 42).
-28
What is (5 - -1) + (13 - -26) + -49?
-4
What is (13 - 14 - 3 - -8) + -19?
-15
Calculate 3 + 2 + -31 + -3 - (-73 - -65).
-21
What is 1 - (-5 - 1 - 6 - -5)?
8
Calculate (-21 - (-4 + -20)) + (-1 + 2 - 21).
-17
What is the value of 6 + -2 - (4 + -13) - -4?
17
-41 + 26 + (1 - (-3 + 5)) - 0
-16
What is -16 - (-33 - 8) - 18 - (0 - 8)?
15
What is the value of (7 - -7) + 5 - (11 - 3)?
11
What is (6 - (6 - (3 - 4))) + 11?
10
Evaluate 4 + -3 + -1 - (29 + -30).
1
What is (-11 - (-30 - -18)) + -6?
-5
Calculate 1 + -32 + (4 - -8 - (-24 - -30)).
-25
Calculate -46 - (-1 + -38 + 21).
-28
-6 - (4 + -20) - (3 - -3)
4
What is the value of (7 - 4) + (0 - (5 + -11) - 3)?
6
Evaluate -28 + (106 - 43) - (10 + -1).
26
What is (2 + 7 - (3 + -3)) + -411 + 425?
23
What is 17 - (248 + -235 + (1 - 3))?
6
Evaluate 2 - ((1 - -6) + (15 + -16 - -3)).
-7
What is the value of 3 - 2 - 3 - (13 - -1)?
-16
Evaluate -608 - -615 - (2 + 31 + 1 + -1).
-26
What is the value of -8 - (-7 - 12) - 29?
-18
Evaluate -19 - (1 - (36 - 24)).
-8
What is the value of 9 + (-4 - (12 + -10 + 2 - -1))?